 Give s(2).
11
Let u(b) = 5*b**2 + 303*b + 886. Determine u(-39).
-3326
Let j(u) = 851*u - 6315. Calculate j(9).
1344
Let o(d) = -d**2 - 377*d + 29244. What is o(66)?
6
Let q(o) = -o**2 - 143*o - 1519. Give q(-14).
287
Let m(w) = 675*w + 35828. Calculate m(-53).
53
Let z(r) = -15001*r - 105462. Give z(-7).
-455
Let u(r) = 4*r**3 + 1622*r**2 - 822*r - 3810. Give u(-406).
250
Let b(t) = 1925*t + 698764. What is b(-363)?
-11
Let u(s) = -1574*s - 23266. Give u(-18).
5066
Let r(x) = -2*x**3 - 49*x**2 - 177*x + 1138. Give r(-8).
442
Let o(g) = 1430*g**2 - 2881*g + 32. Give o(2).
-10
Let v(j) = 51994*j - 571899. Give v(11).
35
Let z(d) = d**3 - 324*d**2 + 6918*d + 963. Give z(301).
-542
Let u(t) = -t**3 + 47*t**2 + t + 2. Determine u(0).
2
Let z(l) = -2*l**2 + 562*l - 4014. Give z(273).
354
Let o(t) = -94*t**3 + 2*t**2 - 87*t - 172. Give o(-2).
762
Let v(d) = -217*d + 14020. Give v(64).
132
Let t(o) = 218*o**2 + 2061*o + 2065. Calculate t(-1).
222
Let h(i) = 5*i**3 - 6*i**2 + 167*i - 42. Give h(0).
-42
Let t(n) = n**2 - 2328*n - 14037. Calculate t(-6).
-33
Let h(k) = -7*k**3 - 3357*k**2 - 1917*k - 541. Give h(-479).
-62
Let q(x) = 803*x - 88334. Determine q(110).
-4
Let o(v) = 7*v**3 + 61*v**2 + 86*v + 287. What is o(-8)?
-81
Let c(j) = j**2 + 10644*j + 63921. Determine c(-6).
93
Let a(t) = -5*t**2 - 61606*t - 308001. What is a(-5)?
-96
Let k(c) = 11*c**2 + 1339*c + 21221. Determine k(-103).
3
Let q(g) = g**2 - 158*g + 4551. Determine q(119).
-90
Let y(g) = 13*g**2 - 36316*g - 401057. What is y(-11)?
-8
Let y(b) = b**3 - 102*b**2 + 189*b + 1033. What is y(100)?
-67
Let d(y) = -y**2 - 317*y - 2412. What is d(-309)?
60
Let l(a) = 5544*a + 2361746. Give l(-426).
2
Let h(j) = 36922*j - 923045. Calculate h(25).
5
Let g(d) = -d**3 + 31*d**2 - 224*d + 179. Give g(21).
-115
Let j(g) = -2*g**3 - 54*g**2 - 424*g - 33. What is j(-16)?
1119
Let t(g) = -9486*g - 1783357. Determine t(-188).
11
Let m(o) = 2*o**3 - 28*o**2 + 4*o - 403. Give m(15).
107
Let u(f) = 3*f**2 - 2378*f - 29780. Calculate u(805).
5
Let s(z) = 595*z**2 + 1226*z + 4. Give s(0).
4
Let v(u) = 5*u**2 - 61*u - 1177. What is v(-10)?
-67
Let i(a) = 8*a**3 + 542*a**2 + 301*a - 241. Determine i(-1).
-8
Let h(a) = -a**3 + 33*a**2 + 50*a + 740. What is h(35)?
40
Let g(l) = 2*l**2 + 14195*l + 620717. Determine g(-44).
9
Let q(x) = -x**3 - 42*x**2 - 506*x - 83. What is q(-21)?
1282
Let d(z) = 1787*z + 37937. Give d(-22).
-1377
Let h(k) = -k**3 - 40*k**2 + 2988*k + 123730. Calculate h(-44).
2
Let q(l) = -3*l**3 - l**2 + 158*l - 111. Give q(-8).
97
Let a(o) = 8*o**3 - 356*o**2 + 208*o - 1239. Determine a(44).
169
Let g(i) = 3*i**3 + 88*i**2 + 53*i + 789. Determine g(-29).
93
Let g(x) = -157*x**2 - 12*x - 37. Determine g(2).
-689
Let h(v) = 5538*v - 15965. Calculate h(3).
649
Let x(k) = -k**2 - 29*k + 619. What is x(18)?
-227
Let n(r) = -r**2 - 351*r - 19872. Give n(-280).
8
Let p(f) = 5*f**3 + 3*f**2 - 4651*f + 4650. What is p(1)?
7
Let n(o) = -4866*o - 32789. Give n(-7).
1273
Let y(r) = -7*r**3 - 832*r**2 + 94*r - 2906. Give y(-119).
69
Let x(g) = 9*g**2 + 366*g + 309. Calculate x(-41).
432
Let a(d) = -24420*d - 390782. What is a(-16)?
-62
Let k(p) = -2*p**2 - 426*p - 4818. Determine k(-12).
6
Let r(h) = -7*h**3 + 221*h**2 - 972*h + 69. What is r(5)?
-141
Let b(m) = m**3 - 55*m**2 + 720*m - 229. Give b(34).
-25
Let d(y) = 257594*y - 1545572. Calculate d(6).
-8
Let p(m) = -29855*m + 59271. Give p(2).
-439
Let w(m) = m**3 - 22*m**2 - 361*m - 1002. Determine w(-7).
104
Let v(x) = x**2 + 245*x + 3010. Determine v(-14).
-224
Let f(n) = 2*n**3 + 382*n**2 - 60*n - 11465. What is f(-191)?
-5
Let y(s) = 472*s + 11822. Determine y(-25).
22
Let a(y) = -188*y + 13379. Give a(70).
219
Let f(g) = g**2 - 4146*g + 28981. What is f(7)?
8
Let p(u) = 2081*u - 18617. Give p(9).
112
Let c(j) = -2660*j - 788. Calculate c(0).
-788
Let o(k) = -2*k**3 - 142*k**2 + 13*k + 972. Calculate o(-71).
49
Let j(s) = -5919*s - 254508. Determine j(-43).
9
Let k(v) = -4*v**3 + 340*v**2 + 1160*v - 40369. Calculate k(87).
-1
Let n(p) = 22812*p + 433382. Calculate n(-19).
-46
Let r(p) = -p**3 + 42*p**2 + 290*p - 77. Determine r(48).
19
Let r(c) = -33*c**2 - 1402*c - 673. Determine r(-42).
-1
Let c(a) = -8*a**3 + 992*a**2 - 7*a + 834. What is c(124)?
-34
Let n(z) = -157083*z - 2199162. Determine n(-14).
0
Let a(f) = -f**3 - 28*f**2 + 68*f + 1073. Determine a(-29).
-58
Let l(x) = -4*x**2 + 7611*x - 38088. Give l(5).
-133
Let w(m) = 9*m**2 - 1919*m + 478. Calculate w(214).
1976
Let i(s) = -28*s**2 + 360*s + 3019. Give i(-8).
-1653
Let t(h) = -3795*h + 25288. Determine t(7).
-1277
Let s(o) = 35*o**3 - 7352*o**2 + 431*o - 2302. Calculate s(210).
8
Let i(q) = -12*q**2 - 2611*q - 1526. Give i(-217).
-7
Let l(m) = m**3 + 407*m**2 + 25133*m - 1747. Determine l(-76).
1
Let n(w) = 2122*w + 307699. What is n(-145)?
9
Let s(q) = 2*q**2 - 29*q - 419. Give s(-23).
1306
Let y(i) = -i**3 - 57*i**2 - 743*i - 1. Give y(-21).
-274
Let n(b) = 183992*b + 735949. Calculate n(-4).
-19
Let j(q) = -q**3 + 122*q**2 - 2784*q - 9160. Give j(35).
-25
Let l(s) = 130*s - 642. Calculate l(5).
8
Let r(x) = x**3 + 225*x**2 + 7516*x - 5151. Determine r(-184).
1
Let r(h) = 9*h**3 - 1168*h**2 + 7491*h + 1478. What is r(123)?
2
Let j(w) = w**3 + 633*w**2 - 3836*w + 14. Give j(6).
2
Let x(m) = -m**3 - 95*m**2 - 58*m + 2489. Calculate x(-94).
-895
Let q(x) = -78*x**3 - 80*x**2 + 74*x + 11. Determine q(1).
-73
Let z(b) = 162*b - 3303. Calculate z(28).
1233
Let w(p) = 8*p**2 + 1339*p + 4030. Determine w(-3).
85
Let t(v) = 2*v**2 + 55*v - 7092. Determine t(-76).
280
Let a(z) = z**3 + 226*z**2 + 884*z - 1127. Calculate a(-222).
-239
Let u(t) = -4*t**2 + 85*t - 1232. Calculate u(12).
-788
Let l(t) = 1534*t + 23008. Calculate l(-15).
-2
Let s(c) = -c**3 - 420*c**2 - 2065*c + 4147. Calculate s(-415).
-3
Let p(a) = -a**2 + 73*a - 838. Determine p(57).
74
Let v(u) = 6077*u - 4715698. Determine v(776).
54
Let w(c) = -97*c**3 + 244*c**2 - 65*c - 11. What is w(2)?
59
Let i(v) = -2*v**2 + 1196*v - 108853. Determine i(112).
11
Let g(x) = 54*x**3 - 110*x**2 - 17*x + 33. Determine g(2).
-9
Let m(q) = q**2 - 2890*q - 37676. Determine m(-13).
63
Let o(v) = v**3 - 73*v**2 + 1273*v + 725. Determine o(43).
-6
Let z(t) = -5*t**2 - 686*t - 2038. Determine z(-3).
-25
Let w(m) = -353*m - 2221. Give w(-7).
250
Let r(x) = -3700*x - 307090. Determine r(-83).
10
Let y(k) = -7534*k + 323416. Calculate y(43).
-546
Let i(q) = 258*q - 14416. Give i(54).
-484
Let z(v) = 5*v**2 - 8009*v - 72279. What is z(-9)?
207
Let d(b) = -1215*b + 371688. Give d(306).
-102
Let h(z) = z**2 + 1517*z - 144732. Determine h(90).
-102
Let d(t) = -t**2 + 4047*t - 580800. Calculate d(149).
2
Let r(c) = -c**3 + 24*c**2 + 4300*c - 2416. Determine r(-55).
59
Let v(n) = n**3 - 11*n**2 - 1011*n + 13567. Calculate v(14).
1
Let p(i) = -1110*i + 146479. Give p(132).
-41
Let r(b) = -212*b**2 + 267*b + 542. Determine r(-2).
-840
Let x(s) = -3090*s**2 - 40199*s - 380. Determine x(-13).
-3
Let y(f) = 3*f**3 - 20*f**2 - 1207*f + 3695. Give y(3).
-25
Let i(l) = -6*l**3 - 570*l**2 + 9*l + 859. What is i(-95)?
4
Let b(t) = 192*t**3 + 29564*t**2 - 614*t + 326. Calculate b(-154).
18
Let h(g) = 7764*g - 5618. Give h(1).
2146
Let u(g) = -g**2 - 278*g - 10858. What is u(-231)?
-1
Let k(p) = -139493*p + 697528. Give k(5).
63
Let x(h) = 5117*h + 701032. Determine x(-137).
3
Let y(d) = -2*d**3 + 313*d**2 - 2780*d - 79. Determine y(147).
1832
Let q(j) = -j**3 - 16*j**2 + 81*j - 72. Calculate q(3).
0
Let x(v) = -9*v**3 - 277*v**2 + 260*v + 6116. Give x(-31).
-22
Let i(d) = 24610*d - 319931. What is i(13)?
-1
Let z(n) = n**3 - 46*n**2 + 245*n - 5149. Give z(43).
-161
Let w(c) = -1849*c + 18327. What is w(10)?
-163
Let b(v) = -31*v**3 + 125*v**2 - 92*v + 428. Give b(5).
-782
Let a(w) = -4*w**3 + 17*w**2 + 15*w - 14. Give a(3).
76
Let t(y) = -2*y**3 + 217*y**2 - 3825*y - 30. Give t(22).
-448
Let i(g) = -774964*g + 3874844. What is i(5)?
24
Let q(u) = -10401*u + 260030. What is q(25)?
5
Let h(l) = -15*l**2 + 244*l + 1671. Calculate h(-7).
-772
Let q(s) = 82*s**2 + 166635*s + 22358. Calculate q(-2032).
6
Let y(p) = 6*p**3 + 188*p**2 + 1165*p - 42. What is y(-9)?
327
Let d(f) = 924*f - 6902. Calculate d(8).
490
Let k(j) = 14014*j - 140166. Give k(10).
-26
Let q(c) = 